9 and 2989?
49
What is the highest common factor of 12150 and 150?
150
Calculate the greatest common factor of 270 and 360.
90
Calculate the highest common factor of 24403 and 23.
23
Calculate the greatest common factor of 108 and 24.
12
Calculate the highest common factor of 14 and 114.
2
What is the greatest common factor of 104 and 296?
8
Calculate the highest common divisor of 20 and 80.
20
Calculate the greatest common divisor of 16375 and 1179.
131
Calculate the highest common divisor of 66 and 2046.
66
Calculate the greatest common divisor of 4 and 32.
4
What is the greatest common factor of 28 and 224?
28
Calculate the highest common divisor of 14868 and 28.
28
What is the highest common factor of 1152 and 512?
128
What is the highest common factor of 1539 and 57?
57
Calculate the highest common divisor of 33228 and 213.
213
What is the highest common factor of 50 and 590?
10
Calculate the greatest common factor of 276 and 736.
92
What is the greatest common factor of 54 and 47898?
54
What is the greatest common factor of 85 and 85?
85
Calculate the highest common divisor of 7217 and 7.
7
What is the highest common divisor of 2 and 1?
1
Calculate the highest common factor of 22 and 11.
11
What is the highest common factor of 72 and 3096?
72
Calculate the highest common divisor of 27 and 864.
27
What is the greatest common divisor of 22 and 242?
22
Calculate the greatest common factor of 9321 and 39.
39
What is the highest common divisor of 28 and 14?
14
What is the greatest common factor of 1336 and 501?
167
Calculate the greatest common divisor of 1670 and 20.
10
Calculate the greatest common factor of 48 and 276.
12
What is the greatest common divisor of 42720 and 89?
89
Calculate the highest common factor of 117 and 117.
117
Calculate the greatest common factor of 12 and 1254.
6
Calculate the greatest common factor of 34 and 85.
17
What is the greatest common factor of 588 and 168?
84
Calculate the greatest common factor of 3 and 5.
1
What is the highest common divisor of 588 and 1911?
147
What is the highest common divisor of 264 and 583?
11
What is the highest common factor of 342 and 36?
18
Calculate the highest common factor of 17071 and 794.
397
What is the greatest common factor of 34 and 8772?
34
What is the highest common factor of 42 and 64?
2
What is the highest common divisor of 213 and 1207?
71
What is the greatest common divisor of 2560 and 20?
20
What is the greatest common divisor of 2 and 478?
2
What is the highest common divisor of 256 and 4?
4
Calculate the highest common divisor of 20964 and 12.
12
Calculate the greatest common factor of 183 and 24.
3
What is the highest common factor of 1146 and 18?
6
What is the highest common divisor of 12 and 1944?
12
Calculate the highest common divisor of 666 and 4.
2
Calculate the highest common factor of 22 and 2398.
22
What is the greatest common factor of 75 and 350?
25
Calculate the greatest common factor of 462 and 4774.
154
Calculate the highest common factor of 192 and 138.
6
What is the greatest common factor of 532 and 5054?
266
Calculate the highest common divisor of 477 and 18.
9
What is the highest common divisor of 273 and 231?
21
Calculate the highest common factor of 24 and 192.
24
What is the greatest common factor of 29 and 2581?
29
What is the highest common factor of 14850 and 30?
30
What is the greatest common divisor of 36 and 636?
12
Calculate the greatest common divisor of 1142 and 3.
1
Calculate the highest common divisor of 864 and 64.
32
What is the greatest common factor of 108 and 12447?
27
What is the highest common factor of 104 and 78?
26
Calculate the highest common factor of 2893 and 2104.
263
What is the highest common divisor of 37 and 109?
1
What is the greatest common divisor of 341 and 11?
11
What is the greatest common factor of 1118 and 26?
26
What is the greatest common divisor of 5 and 80?
5
Calculate the highest common factor of 4830 and 135.
15
Calculate the highest common factor of 299 and 69.
23
Calculate the greatest common factor of 182 and 5278.
182
What is the greatest common divisor of 1772 and 14?
2
What is the highest common factor of 4236 and 168?
12
What is the highest common factor of 400 and 4250?
50
What is the highest common factor of 36 and 48?
12
What is the greatest common divisor of 182 and 6500?
26
Calculate the greatest common divisor of 33 and 3564.
33
Calculate the greatest common divisor of 43 and 1591.
43
What is the greatest common factor of 2 and 349?
1
Calculate the highest common factor of 15 and 24.
3
What is the highest common factor of 764 and 5539?
191
What is the greatest common factor of 2034 and 27?
9
What is the greatest common divisor of 172 and 559?
43
What is the highest common divisor of 232 and 2632?
8
What is the greatest common divisor of 220 and 2156?
44
What is the greatest common factor of 5 and 30?
5
Calculate the greatest common factor of 153 and 72.
9
What is the greatest common divisor of 259 and 35?
7
Calculate the greatest common factor of 70 and 1918.
14
What is the highest common divisor of 952 and 136?
136
What is the highest common divisor of 48 and 5264?
16
Calculate the highest common divisor of 1568 and 96.
32
Calculate the highest common factor of 651 and 504.
21
What is the highest common factor of 20 and 196?
4
What is the highest common divisor of 14356 and 194?
194
Calculate the highest common divisor of 2014 and 1802.
106
Calculate the greatest common divisor of 30 and 48.
6
Calculate the greatest common divisor of 49 and 25774.
49
Calculate the greatest common factor of 51 and 2210.
17
Calculate the highest common factor of 62 and 9641.
31
Calculate the greatest common divisor of 37 and 72113.
37
What is the greatest common divisor of 19 and 1843?
19
Calculate the highest common divisor of 96 and 624.
48
What is the greatest common divisor of 110 and 230?
10
Calculate the highest common factor of 7327 and 34.
17
What is the highest common factor of 210 and 310?
10
What is the greatest common factor of 4400 and 160?
80
Calculate the greatest common divisor of 8659 and 14.
7
What is the highest common factor of 6 and 174?
6
What is the greatest common factor of 2059 and 71?
71
Calculate the highest common factor of 44 and 62.
2
Calculate the highest common divisor of 84 and 210.
42
Calculate the highest common divisor of 31 and 10819.
31
What is the greatest common factor of 12 and 24?
12
Calculate the greatest common factor of 775 and 31.
31
What is the greatest common divisor of 252 and 1204?
28
What is the highest common factor of 54 and 576?
18
Calculate the highest common factor of 657 and 22557.
219
Calculate the highest common divisor of 112 and 176.
16
Calculate the greatest common factor of 96 and 512.
32
Calculate the greatest common factor of 475 and 38.
19
What is the greatest common divisor of 117 and 1209?
39
Calculate the greatest common factor of 121122 and 54.
54
Calculate the greatest common factor of 1377 and 17.
17
Calculate the greatest common divisor of 1984 and 62.
62
Calculate the highest common divisor of 16 and 368.
16
What is the highest common factor of 22 and 506?
22
Calculate the greatest common divisor of 7093 and 205.
41
What is the highest common divisor of 46 and 14?
2
Calculate the highest common factor of 240 and 10.
10
What is the highest common divisor of 22 and 4774?
22
What is the highest common divisor of 836 and 88?
44
What is the highest common factor of 240 and 18060?
60
Calculate the greatest common factor of 6 and 78.
6
Calculate the highest common divisor of 1460 and 40.
20
Calculate the highest common factor of 2613 and 201.
201
Calculate the highest common factor of 31295 and 110.
55
What is the highest common divisor of 57 and 1539?
57
Calculate the greatest common factor of 1155 and 132.
33
Calculate the greatest common divisor of 24 and 240.
24
What is the greatest common divisor of 1015 and 70?
35
What is the greatest common divisor of 33 and 7887?
33
What is the highest common divisor of 29 and 4?
1
What is the greatest common divisor of 17 and 527?
17
Calculate the greatest common factor of 90 and 40.
10
What is the highest common divisor of 1541 and 268?
67
Calculate the highest common factor of 2784 and 64